et v be k(4). Let p = v - 1026. Is p prime?
False
Suppose 72540 + 72486 = 42*o. Suppose 5*w - 132*g = -131*g + 3454, -o = -5*w + 2*g. Is w a prime number?
True
Let w(x) = 8*x**3 - 3*x**2 + 46*x - 238. Is w(15) prime?
True
Is -224 + 418364 + 1 + -12 a prime number?
True
Suppose 104*n - 74008481 = 134444521 + 2682910. Is n prime?
False
Let r = 15462 + -6955. Is r a prime number?
False
Suppose -4*j = 4*b - 3969428, -22*b + 4*j = -19*b - 2977071. Is b a prime number?
True
Let f be (-3)/2*(-9 + 13). Let t be (-2)/((-2)/(-509))*(f - 1). Suppose -z - a + 1332 = 143, 0 = 3*z + a - t. Is z prime?
True
Suppose -4*r - 2*g + 5732 = 0, g + 4*g = 5*r - 7150. Suppose -7*t + 6563 = r. Is t a prime number?
True
Let l = -64 - -65. Let n be ((-19)/57)/(l/(-3)). Is 3*n/6 - (-14147)/14 composite?
True
Let y be ((-69)/9 + 8)*-24 - -8. Suppose -2*f + 4*f - a = 10, 0 = -2*f - a + 2. Suppose f*d - m - 638 = y, m = -d - 2*m + 196. Is d composite?
False
Let j = -44378 + 65845. Is j a prime number?
True
Suppose -2*z = 4, q - 13933 = -2*z + 7274. Is q a prime number?
True
Let x = -124 + 88. Let m = 24 - 131. Let f = x - m. Is f prime?
True
Suppose 0 = -2*v - 2*v - 2*h + 2, 3 = h. Is -1*(v + -8*(205 - -1)) a prime number?
False
Let m(j) = -550*j + 939. Is m(-58) prime?
True
Let s(a) = 45*a**2 + 4*a + 4. Suppose 2*k - 29 = 3*k + 4*p, -2*k = -p + 49. Let c = k - -22. Is s(c) a prime number?
True
Suppose 25*w = 38*w - 25*w + 6796788. Is w composite?
True
Let z = -97 + 156. Let u = -60 + z. Is -1 + -2 + u + 698 a prime number?
False
Suppose 2*p = -4*n + 46, 3*p - 3*n = n + 29. Suppose 2*b - 5*b = p. Is (b - 444)*(2 + -3) a composite number?
False
Let r = 452 + -246. Is 2 - (-2 - (r + -5)) a prime number?
False
Suppose 0 = -3*g - 2*s - 24, -3 = -2*s + 3. Is -3 - 11058/(-10) - 2/g prime?
True
Suppose -10*c + 14*c + f - 1480 = 0, 0 = -4*c - 3*f + 1488. Suppose -3*w + 6*w - c = 0. Is w prime?
False
Let v(n) = n**2 - 44*n - 314. Is v(55) prime?
False
Let x = -139229 - -247594. Is x prime?
False
Let y be (5406/15)/(-1 - 12/(-10)). Suppose -5*c - 6801 = -4*g, 4*c + 3646 = -4*g - y. Let x = -688 - c. Is x prime?
True
Let o(y) be the third derivative of 367*y**5/15 + 19*y**4/24 - 26*y**3/3 - 36*y**2. Is o(3) composite?
False
Is (-100)/16 - (-70)/56 - -342262 prime?
True
Suppose -48*u = -52*u + 1314180. Is u/343 - (-2)/14 a prime number?
False
Let k(v) = -v**2 + 9*v + 13. Let l = 15 - 6. Let s be k(l). Suppose 0 = s*d - 11*d - 1166. Is d prime?
False
Suppose -156*w + 160*w + 33519 = 3*o, -55935 = -5*o - 5*w. Is o a prime number?
False
Let w be (-1 - (-1 - -4))*-3. Let u(q) = q**3 - 4*q**2 - 11*q - 17. Let s(f) = -f**3 + 3*f**2 + 22*f + 33. Let t(j) = 2*s(j) + 5*u(j). Is t(w) composite?
True
Suppose -2*l + 33 = 27. Suppose l*g - 9873 = 8556. Is g a prime number?
True
Let z = 325185 + 436532. Is z composite?
True
Let x be ((-1)/(-5))/((-11)/(-110)). Suppose 2*r = x, 3*m - 2*r = 2*m + 1635. Is m a composite number?
False
Let n(g) = 14*g - 1 - 19*g - 73*g**3 + 68*g**3 - 2*g**2. Let s = -12 + 8. Is n(s) prime?
True
Let g(r) = -r**3 + 3*r**2 + 4*r - 2. Let a be g(3). Suppose a*d - 5808 = 14*d. Let w = -1025 - d. Is w prime?
False
Suppose 566*j = 567*j - 20. Suppose 0 = 4*h - j, 0*k + k = 2*h + 25. Is k a prime number?
False
Let l be 18 - (5 - (-80)/(-8)). Suppose -2*p = -l*g + 18*g + 1095, 3*p = -3*g + 678. Is g composite?
True
Suppose 10377408 = 124*c - 10869770 - 34243194. Is c a prime number?
False
Let c(m) = -41*m**2 + 3*m - 22. Let t be c(-9). Let v = 7123 - t. Is v composite?
True
Suppose 2*m - 3*z - 16161 = 0, -3*m - 4459 + 28684 = z. Let h be ((-372)/(-28))/3 - (-48)/84. Suppose 0 = -7*u - h*u + m. Is u a composite number?
False
Is 6459852/210 - (-4)/5 - 5 a prime number?
True
Let d = -333 - -321. Is 1705 + -42 + d/(-2) composite?
False
Suppose 3*t - 44818 = -9*g + 5*g, -2*g + t + 22404 = 0. Is g composite?
True
Suppose -3*k - 9*y + 1580 = -7*y, 2648 = 5*k - 4*y. Let a be 1113/11 + (-6)/33. Suppose -a + k = v. Is v a prime number?
False
Suppose 127 + 113 = 8*c. Suppose 2059 = -c*r + 31*r. Is r a prime number?
False
Let q = -333 - -336. Suppose -15*p = -17*p, -q*p = 3*i - 4155. Is i composite?
True
Let x(o) = o**3 + 12*o**2 - 18*o - 24. Let d be 4/6 - (-326)/6. Let h = -64 + d. Is x(h) prime?
False
Suppose 31*w + 1007498 = 33*w - 2*u, 2*u = w - 503755. Is w prime?
True
Suppose 48*j - 73780 = 43*j. Suppose 6166 + j = 6*k. Is k composite?
True
Let g(j) = 3*j**3 + 7*j**2 - 5*j + 3. Let v = 5 + 0. Let l be g(v). Let z = l - 109. Is z prime?
True
Suppose -4*o = 0, -6*y - 124 = -2*y - 3*o. Let i = y + 516. Let m = i - -1058. Is m prime?
True
Is 6941 - ((-1472)/3312 - ((-16)/(-18))/(-2)) composite?
True
Let h = 493 + -659. Is -7*(h - (-11 - -8)) a prime number?
False
Suppose j + 3*r = -2*j + 1083, 0 = 5*j - 3*r - 1837. Let c = -239 + j. Suppose -2*b = 8 - c. Is b prime?
True
Suppose -3*k + 5*z + 371672 = 0, -107*k + 2*z = -108*k + 123909. Is k a composite number?
True
Suppose 0*v + 4*v = -8. Let w be ((1 + 1)*-7)/v. Suppose 6*a = w*a - 1841. Is a a prime number?
False
Let j = 2388466 + -173843. Is j a prime number?
True
Let d(b) = -125*b - 39. Suppose 380 = -9*n + 47. Is d(n) composite?
True
Suppose 9*q = 6*q - 12. Let l(j) = -24*j**3 + 5*j + 3. Let m(g) = 23*g**3 - 6*g - 2. Let x(p) = 3*l(p) + 2*m(p). Is x(q) composite?
False
Suppose -o + 291 = 6*j - 2*j, 1965 = 7*o + 4*j. Let u = -33 - -173. Let i = u + o. Is i composite?
False
Let o = 751 - -1570. Is o prime?
False
Let v be (1 - 0) + (-3 - -6) - -2. Suppose 3638 = 3*y + p, p - v*p = -4*y + 4857. Is y prime?
True
Let l = 40 + -41. Let c(t) = -1061*t**3 - 2*t**2 + 1. Let b be c(l). Let n = 2211 - b. Is n composite?
False
Let a(l) = 5*l + 93. Let s be a(-18). Suppose 2*o = -2*i + 4790, -s*i - o + 8087 = 906. Is i composite?
False
Let a(o) = -22881*o - 632. Is a(-9) a prime number?
True
Is 6/45 + 8454280/150 composite?
True
Suppose 12 = -9*j + 11*j. Let i be 2/3 + 5/j*4990. Suppose -w = -i + 1168. Is w a prime number?
False
Let w = -169 + 88. Let t = 90 + w. Suppose 0 = -t*a + 3*a + 4614. Is a prime?
True
Let f be (-2)/9 - (-3942)/243. Suppose -4*z - f = 0, -4*h - 5*z = -892 - 652. Is h prime?
False
Suppose 229*v + 9*v - 2149597 = 12301525. Is v a prime number?
True
Suppose 0 = -5*y - 8*y + 66677. Let z = y + -3402. Is z a prime number?
False
Let y = 595644 + -326027. Is y composite?
False
Let a(k) = 39*k**2 + 5*k - 4. Let u be a(3). Let p = 2431 + -1654. Let z = p - u. Is z a composite number?
True
Suppose 0 = 3*c - 5*o - 265238, 37247 + 51159 = c + 5*o. Is c prime?
True
Suppose 0 = 4*p - 2*i + 36, -2*p + 0*i = -4*i + 24. Let w(v) = 2*v**3 + 16*v**2 + v + 11. Let k be w(p). Suppose 8491 = k*r + 4*r. Is r a prime number?
True
Let h(r) = 4830*r + 2729. Is h(36) a prime number?
True
Suppose 0 = -2*t - 7*t + 39987. Let m = -2206 + t. Is m composite?
False
Suppose -15*n + 17*n = 81*n - 73634399. Is n a prime number?
True
Suppose 2*q - 7*q = -4800. Let n = 338 - 809. Let j = n + q. Is j composite?
True
Suppose -105470 - 169588 = -3*w + 3*s, -458440 = -5*w + 3*s. Is w a composite number?
False
Let g(a) = 1542*a**2 + 75*a + 607. Is g(-12) composite?
True
Is 376 + -381 - 18/(2/(-6628 + -2)) a prime number?
False
Let z be (-1)/2*(6 - 6). Suppose -3*j + 0 - 12 = z, 4*a + 2*j - 9008 = 0. Suppose a + 647 = 3*t. Is t prime?
True
Let j = -51 - -59. Suppose -5*w + z - 887 = -j*w, -5*w = -5*z - 1465. Suppose -9*u + 5366 = -w. Is u a prime number?
False
Suppose -8 = -10*k + 14*k, -2*x + 4*k = -14. Suppose -3*v + 1297 + 830 = 0. Suppose 0 = -x*c - h + v, 5*c - 4*h - 1549 = -356. Is c composite?
True
Suppose 6*v - 9*v + 9 = 0. Suppose -5*a - v*z - 44 = -114, -4*a - 4*z + 64 = 0. Is (a/(-3))/(4/(-324)) + 1 a prime number?
False
Let k be -5*(16/(-10) + (-2)/(-1)). Let d be (2 - k) + 4 + (2 - 3). Suppose -826 + 1988 = d*b. Is b a prime number?
False
Suppose -3*b + 25 = t + 7, -4*t + b + 20 = 0. Suppose 9*k - 5*z - 382 = t*k, 0 = 3*z - 12. Is k a composite number?
True
Suppose 6 = -2*a, 56*c - 57*c = a + 57. Is (-68)/36 - -2 - 73488/c prime?
True
Suppose -56 - 52 = -2*r. Let o = r - 63. Let h(w) = -2*w**3 + 6*w**2 - w - 22. Is h(o) a prime number?
True
Suppose 8190 = -4*n - 6*n. Let x = n + 2687. Suppose 4*b - x = 5*c, 4*b + 5*c - 1868 = 2*c. Is b composite?
Fa